+ 636. What is the greatest common divisor of 6625 and c?
53
Let f(w) = 14*w. Let n be f(6). Let y = 180 - n. Let k = -17523 + 17555. What is the highest common factor of y and k?
32
Let t = 4184 - 4040. Calculate the greatest common factor of 4944 and t.
48
Let b(f) = -11*f**3 + 172*f**2 - 8*f + 17. Let x be b(12). Calculate the highest common factor of x and 46.
23
Let a(k) = -2*k - 58. Let u(o) = 6*o + 117. Let l(h) = 5*a(h) + 2*u(h). Let c be l(30). Calculate the highest common divisor of 68 and c.
4
Let n(f) = 2*f - 1. Let d(y) = -9*y + 113. Let r(j) = d(j) + 3*n(j). Let l be r(31). Calculate the highest common divisor of 425 and l.
17
Suppose -22*w + 266 = -8*w. Suppose 18*a - 71 - w = 0. Suppose 5*s - 249 - 76 = 0. Calculate the highest common divisor of a and s.
5
Suppose -33*u - 86*u + 117351 = 34*u. Calculate the highest common factor of u and 3953.
59
Let z = 75 - 70. Suppose z*k + k - 204 = 0. Suppose 5*w - w = 136. Calculate the highest common factor of w and k.
34
Suppose 30 = 14*b - 8*b. Suppose b*g + 43 = 3*r, -3*r + 5*r = -4*g + 58. What is the highest common divisor of 42 and r?
21
Let j be -1 - -9 - (1 - (-3 - -4)). What is the highest common factor of 556 and j?
4
Let x be (5/(-7) - -1) + (3383688/196)/22. Calculate the greatest common divisor of x and 1256.
157
Suppose -i - 6*r = -4*r - 19, -4*i - 5*r + 79 = 0. Suppose 0 = 11*a - i*a + 1000. Calculate the highest common factor of 25 and a.
25
Let t = 4166 + -3204. What is the greatest common divisor of t and 222?
74
Suppose -3*u + 23167 = -z, -27*z + 22*z - 30904 = -4*u. What is the highest common divisor of 7 and u?
7
Let b(h) = 6*h**2 + 42*h - 1. Let s be b(-7). Let d(p) = p - 6. Let x be d(5). Let u be 0 + 34 + x + s. Calculate the highest common divisor of u and 4.
4
Let r be (23/(-4) + 43/(-172))*45/(-2). What is the highest common divisor of r and 648?
27
Let k = 3 + 0. Suppose 0*r + 4*r - 389 = j, k*r = -5*j + 263. Suppose 0 = 13*a - 2419 + 2107. What is the greatest common factor of a and r?
24
Let m be (-13064)/(-136) - (-45)/(-765). Calculate the highest common factor of 13656 and m.
24
Suppose 12*f + 64 = 2*w + 12*f + 4*f, 3*f = 0. Calculate the greatest common factor of w and 1184.
32
Let w(h) = 84*h**2 - 31*h - 112. Let f be w(-3). Calculate the highest common divisor of f and 469.
67
Suppose 159*i - 18494 = -9*i - 350. Calculate the highest common divisor of 162 and i.
54
Let k = -7749 + 7758. Let q = 308 + -83. Suppose 2*u + q = 7*u. Calculate the highest common divisor of k and u.
9
Suppose -4*l - 2*q + 16 = 0, 5*l - 5*q - 15 = 5. Let z be (16/5)/(-4)*(-40)/l. Calculate the greatest common factor of z and 104.
8
Let i be -5*70/(-15)*-2*(-27)/10. Calculate the highest common factor of 686 and i.
14
Let q be 7 + (-2 - 7)*-1. Let r = 240 + -482. Let k = -98 - r. What is the highest common factor of q and k?
16
Suppose 5*g = h - 395, -3*g = 60*h - 63*h + 1173. Suppose 156*v - 150*v = h. What is the highest common divisor of v and 286?
13
Let v(c) = -10*c - 14. Let j be v(-6). Let a = -44 + 103. Let w = a - j. Calculate the highest common divisor of 91 and w.
13
Suppose -900 = u - 6*u. Let r be (2 + -1)*8/(72/(-5013)). Let z = r - -575. Calculate the highest common factor of z and u.
18
Let d(y) = -6*y + 10. Let b be d(5). Let i be ((-4)/10)/(2/b). Let z be (-8338)/(-77) + i/(-14). What is the greatest common divisor of z and 27?
27
Let u(p) be the third derivative of p**5/60 + 5*p**4/12 - 19*p**3/6 + p**2. Let l = 4245 + -4257. Let f be u(l). What is the highest common factor of f and 40?
5
Let n be 1050/600 - 125/(-4). Calculate the highest common divisor of 3399 and n.
33
Let d be (-3)/2*(-2)/1. Let h be (14 - 13)*78/d. What is the highest common divisor of h and 13?
13
Suppose -112 + 0 = -7*d. Suppose -r + 4*f - 19 = 3, -2*f + 14 = -2*r. Let v be 16/2*(3 - r). Calculate the highest common divisor of v and d.
8
Let p be 351 + -12 + 13 + 3. What is the highest common divisor of p and 2698?
71
Suppose 0 = 5*k + 24*k + 6*k - 1225. Calculate the highest common divisor of 987 and k.
7
Let h be (22/(-33))/(6*1 + 33020/(-5499)). Calculate the greatest common factor of 7661 and h.
47
Suppose -7*d = -9*d + 2142. Let y be (7/(-6)*-4)/(14/d). Suppose -y = z - 4*z. What is the highest common factor of z and 17?
17
Let r = -148 + 157. Let v(k) = -k**3 + 11*k**2 - 11*k + 13. Let m be v(r). What is the greatest common divisor of 57 and m?
19
Suppose 1184 = -9*y + 17*y. Let o be (8 + y/(-14))/(3/(-28)). Suppose 131*l - 128*l - o = 0. Calculate the greatest common factor of l and 4.
4
Suppose -16*q + 5*k + 454 = -15*q, -9*q = -4*k - 3881. Calculate the highest common divisor of q and 132.
33
Let h = 3 + 6. Suppose -6793 = 11*r - 347. Let c be 6/(-10) - (r/10 - 5). Calculate the greatest common factor of h and c.
9
Let z = -2049 - -2273. What is the highest common divisor of z and 70?
14
Suppose 70 = -8*r - 27*r. Let l be r/((-4)/(-102))*(-54)/81. Calculate the greatest common factor of l and 85.
17
Suppose 0*c = 3*c - 3, 18 = 3*b + 3*c. Suppose b*d + 563 = y, 3*y + 0*y = -5*d + 1789. Calculate the highest common factor of y and 12.
12
Let v be (-1)/1*(-12177)/123. Calculate the greatest common divisor of 2453 and v.
11
Suppose -3*m = -12*m - 9. Let z be (-40)/(-7) + m/(-14)*4. Calculate the highest common divisor of z and 4.
2
Let s(u) be the second derivative of -53*u**3/6 - 52*u**2 - 8*u + 4. Let o be s(-2). What is the greatest common divisor of 82 and o?
2
Let j = -23291 - -24336. Calculate the highest common factor of 165 and j.
55
Suppose 2*d + 2*x - 32 = 0, -6*d + 15*x + 111 = 18*x. What is the greatest common divisor of 1869 and d?
21
Let t(m) = 2*m - 22. Let n be (-2)/(-4) - 5*5/50. Let r be t(n). Let d = 32 + r. Calculate the highest common factor of d and 130.
10
Let h = -172 + 170. Let m be 87 + (-4 - 1) + 5 + h. Calculate the highest common factor of m and 51.
17
Suppose -4*m = -0*m - 8. Suppose 0 = -m*q - 2*g + 3*g - 1, 4*q - 8 = 4*g. Let z be q*3/3 - -47. What is the highest common divisor of 66 and z?
22
Let s be (-30*(-26)/(-52))/(2/(-2)). Calculate the highest common divisor of 1380 and s.
15
Let b = 4657 - 4417. What is the highest common factor of b and 656?
16
Let g be ((48/(-7))/12)/((-16)/4872). Calculate the highest common factor of 15051 and g.
87
Let a(q) = q**3 - 2*q**2 + 3*q - 5. Let n be a(2). Let r be ((-60)/9)/(n/54*-2). What is the greatest common divisor of r and 20?
20
Let b(l) = -l**3 + 298*l**2 + 9841*l + 35. Let s be b(-30). Let x be (-1)/(0 - (-1)/48). Let t = x + 88. Calculate the highest common factor of s and t.
5
Let v = -53803 - -78802. Calculate the highest common factor of 117 and v.
39
Let x be (-6 - -3 - 0) + -5. Let c be x/4 - 350/(-5). Calculate the highest common divisor of c and 85.
17
Suppose -136*u + 2842320 = -95*u + 154*u. What is the greatest common divisor of u and 16?
16
Suppose 0 = -56*i + 910 + 210. Let v be (-4)/14 - 142/(-7). What is the greatest common divisor of i and v?
20
Let i(x) = -2*x**3 + 5*x**2 + 6*x - 1. Let y be i(-3). Suppose 35*q - 31*q = y. What is the greatest common factor of 5 and q?
5
Suppose 6*d - 2*d - 440 = -5*i, 3*d - 357 = 3*i. Suppose 5*j = -20, j + 114 = 5*a - d. Let x = a + 75. What is the highest common divisor of x and 30?
30
Suppose -3*l + 48 = 13*l. Suppose 5*h - 5*i = 111 + 354, -l*h + 5*i = -289. What is the greatest common divisor of 22 and h?
22
Let y(v) = -177*v**3 - 2*v**2 - 2*v + 1. Let q be y(-1). Let f = 180 - q. What is the greatest common factor of f and 34?
2
Suppose 2*k - 116 = -w, 5*w = -3*k - 20 + 208. Let v = 80 - 89. Let r be (3 - ((-120)/v + -1))*-9. What is the greatest common divisor of r and k?
28
Let w be 7*(2 + 4 - 4). Let o(x) = -30 - 41 + 52 + w*x. Let c be o(2). Calculate the greatest common divisor of 36 and c.
9
Let f(k) = -k**3 + 48*k**2 - 300*k - 2. Let o be f(40). What is the highest common divisor of o and 42?
42
Suppose -21*r + 5*r + 252 = 5*r. What is the highest common divisor of r and 156?
12
Suppose 2*k - 6 = 0, -4*b + 3*k - k + 474 = 0. Suppose -2*r - 8*l = -12*l - 142, -2*r - l + 152 = 0. Calculate the highest common factor of b and r.
15
Let k = -36 + 41. Suppose -k*d = -1062 - 498. Calculate the highest common divisor of d and 39.
39
Suppos